
19
Suppose -5*c - 8 = 5*w - 6*w, w - 2*c = 2. Suppose 78*v - 35 = 73*v. What is the remainder when v is divided by 2 + 0 - (0 + w)?
3
What is the remainder when 51 is divided by 22/26 + (-12)/(-78) - -10?
7
Let j be -2 - -6 - (2 - 28). Let n = 38 + j. What is the remainder when n is divided by 18?
14
Suppose -8*k - 5*r = -4*k - 2302, 0 = -4*k + r + 2290. What is the remainder when k is divided by 16?
13
Suppose b = -5*s + 156, s - 3*b - 8 = 20. What is the remainder when 32 is divided by s?
1
Let s(d) = -469*d - 194. What is the remainder when s(-3) is divided by 9?
7
Let w = -11 + 16. Suppose -o + 5*v - w = 0, -3*o + 3*v = -6*o + 75. What is the remainder when ((-12)/(-8))/((-239)/(-118) - 2) is divided by o?
19
Let j be 3/((4/2)/((-40)/(-6))). Calculate the remainder when 30 is divided by (-108)/(-14) - j/(-35).
6
Let i = 441 - 318. Calculate the remainder when i is divided by 36.
15
Let h be 1417/91 - (-3)/7. Suppose h*j + 75 = 21*j. Let n(z) = 15*z - 2. Calculate the remainder when n(2) is divided by j.
13
Suppose 4*t + 4*o = 60, 4*o + 5 = 3*o. Suppose 30*r - 12*r - 1746 = 0. Calculate the remainder when r is divided by t.
17
Suppose -30*n = -603 + 63. What is the remainder when 431 is divided by n?
17
Let n(r) = 2*r**3 - 10*r**2 - r + 1. Let h be n(5). Suppose 3*v = 7*v - 60. Calculate the remainder when 2/h*(3 + -118 + 1) is divided by v.
12
Suppose -37*d + 40*d = 33. Calculate the remainder when (-84)/(-2) - (0 - -1) is divided by d.
8
Suppose g + 2*g - 453 = 0. Suppose 4*y - 24 = 5*j + 72, 3*j - 26 = -2*y. What is the remainder when g is divided by y?
18
Suppose 4*n - 213 - 2 = l, 0 = 2*n - 4*l - 90. Calculate the remainder when n is divided by (-3)/(-2)*2 - -11.
13
Suppose 124 = -9*z + 376. Suppose 2*j - z = -0*j. What is the remainder when 40 is divided by j?
12
Suppose -l + 8 = 4*q - 15, 2*q - 8 = -4*l. Let p be ((-3)/(-2))/(q/(-40)). Calculate the remainder when 85 is divided by (44/(-10))/(2/p).
19
Suppose 7 = 5*a - 8. Let j = -11 + 18. Suppose 0 = -3*o - 1 + j. What is the remainder when a is divided by o?
1
Let c be 8/(-28) - 12/7. Let a be 2/(c*2/(-12)). Suppose 4*k = a*k - 78. What is the remainder when k is divided by 10?
9
Suppose -201 + 180 = -7*x. Let j(t) = -t - 2. Let y be (-51)/12 - (-2)/8. Calculate the remainder when x is divided by j(y).
1
Let r(j) = -2 - 17 - 5*j + 5*j + 5*j. Calculate the remainder when r(7) is divided by 6.
4
Let y(s) = -2*s**2 - 30*s - 99. What is the remainder when 153 is divided by y(-8)?
10
Suppose 2*p = 5*h - 118, 75*h - 72*h = -3*p + 75. Calculate the remainder when 309 is divided by h.
21
Suppose -3*k = 2*k - 4*v - 3, 3*k - v = -1. What is the remainder when -3 - -7 - (-1 - (-1 - k)) is divided by ((-3)/(6/(-4)))/1?
1
Suppose x + a = 2, -x - 4 + 10 = -a. What is the remainder when 4 is divided by x?
0
What is the remainder when -1*174*8/(-16) is divided by 30?
27
Suppose 5*n + 5 = 5*p - 0, -28 = -3*p - 2*n. What is the remainder when 55/5 - -1*6 is divided by p?
5
Let h = -25 - -16. Calculate the remainder when 122 is divided by h/((-36)/104) - -5.
29
Let t(j) = -16*j - 35. Calculate the remainder when t(-11) is divided by 8.
5
Let p = 112 - 112. Suppose 4*z - 29 - 31 = p. Suppose 0 = 3*q + 4*i - 138, 3*i + 136 = 3*q + 19. Calculate the remainder when q is divided by z.
12
Suppose -a + 4*a = 18. Suppose m - 7*m = 0. Suppose -11*i + 10*i + 17 = m. What is the remainder when i is divided by a?
5
Suppose -3*i + 250 = -287. Suppose -4*u - r = 2*r - i, 0 = -3*r + 3. What is the remainder when u is divided by 15?
14
Suppose 8*v + 54 = 14*v. Calculate the remainder when (2 - -1)/(-5*3/(-345)) is divided by v.
6
Let u = 38 - 23. Suppose -n - u + 33 = 0. Suppose -7 - 24 = -5*g + 2*v, -4*g = -2*v - 26. Calculate the remainder when n is divided by g.
3
Suppose 31*s - 40*s = -324. What is the remainder when s is divided by 32?
4
Let h = 93 - 71. Calculate the remainder when 46 is divided by h.
2
Let h = 4 - -21. Suppose 11*s = 8*s + 45. What is the remainder when h is divided by s?
10
Suppose 0 = -15*w + 16*w - 150. What is the remainder when w is divided by 42?
24
Let d(b) = b**3 + 9*b**2 + 16*b - 8. Let u be d(-6). Calculate the remainder when u*2/16*-43*-4 is divided by 11.
9
Suppose -v + 43 = 5*q, 4*v - 5 = q - 1. Suppose -m - q*m = -45. Calculate the remainder when 7 is divided by m.
2
Suppose -49*f = -26*f - 5014. Calculate the remainder when f is divided by 27.
2
Suppose 238*w - 216*w - 220 = 0. What is the remainder when 131 is divided by w?
1
Let o(c) = c**2 - 4*c + 1. Suppose 1297 = 47*g + 122. What is the remainder when o(-5) is divided by g?
21
What is the remainder when 80 is divided by 277/10 + 66/220?
24
Suppose -3*z + 0*z = -9. Suppose -102 = -z*i - 3*d, 3*d = 3*i + i - 143. What is the remainder when i is divided by (-1 + -1)/(12/(-54))?
8
Let t be 28/(-3)*(-9 - 0). Calculate the remainder when 15/(-5)*7/(-3) is divided by (-1)/4 + t/16.
2
Suppose -29*b + 75 + 2912 = 0. Calculate the remainder when 305 is divided by b.
99
Suppose 742 = 41*u + 45. Calculate the remainder when 90 is divided by u.
5
Let h = 14 + -12. Suppose 4*v = 2*y + 82, -h*v - 5*y + 11 + 24 = 0. Calculate the remainder when 58 is divided by v.
18
Suppose 112*u - 110*u = 248. Let q = u - 58. Calculate the remainder when q is divided by 35.
31
Let r = -282 + 366. Calculate the remainder when r is divided by 16.
4
Let p(y) = y**2 - 3*y + 5. Let z = 5 - 2. Suppose 0 = z*i - 8*i + 2*x + 69, x = -i + 11. What is the remainder when p(6) is divided by i?
10
Let h(q) be the first derivative of 23*q**4/2 - q**2/2 - 1. Calculate the remainder when h(1) is divided by 24.
21
Let w be -6 - (-1 + (3 - 2)). Let d be w/(((-50)/45)/5). Suppose 5*r = d + 18. What is the remainder when r is divided by 2?
1
Let k(z) = z**3 + 36*z**2 - 39*z - 58. Calculate the remainder when 94 is divided by k(-37).
14
Let b = -99 + 138. What is the remainder when 152 is divided by b?
35
Suppose 17*v - 44*v + 630 = -9*v. Suppose 554 = 2*w - w + 2*p, 4*p = 2*w - 1084. Suppose 4*f - w = -0*f. What is the remainder when f is divided by v?
32
Let k be 7 + (4 - 4 - 2). Suppose -2*h - 2*h + 1 = -3*p, 2*h + 3 = k*p. Let l(v) = 59*v**2 - v - 1. Calculate the remainder when l(p) is divided by 30.
27
Let k = -5 - -236. What is the remainder when k is divided by 26?
23
Suppose -11*m + 386 = 243. What is the remainder when 165 is divided by m?
9
Let a be (-34)/(-14) - 4/(-7). Suppose n + 16 = a*n. Suppose f = -0*f + 12. What is the remainder when f is divided by n?
4
Suppose -3*v + 330 = 5*n, 4*n - 8*n = 3*v - 267. What is the remainder when n is divided by 25?
13
Let r(q) be the first derivative of q**2 + 18*q - 46. Suppose -6*c + 4 = -4*c. Calculate the remainder when r(-8) is divided by c.
0
Let n = 838 + -835. Calculate the remainder when 273 is divided by n.
0
Calculate the remainder when ((-4)/(-6))/((-7)/(-2331)*2) is divided by 24.
15
Suppose 5*a = 5*s - 20, a + 16 = 4*s + 3. Suppose -s*w = -142 - 425. Calculate the remainder when w is divided by 48.
45
What is the remainder when -1 - 1644/(-8) - 3/(-2) is divided by 8?
6
Suppose 243 = 24*p + 75. What is the remainder when 242 is divided by p?
4
Suppose t + 2*f = -2*t + 95, -107 = -3*t + 4*f. Let o = t + 21. Calculate the remainder when o is divided by 14.
12
Let z = -4 - -2. Suppose w - 3*w + 18 = 0. What is the remainder when (z + 5)*(-34)/(-6) is divided by w?
8
Let v = 63 + -65. Suppose 21 = 4*m + 5. Calculate the remainder when m is divided by (-3)/v*8/6.
0
Calculate the remainder when 280 is divided by (-17424)/(-972) + (-4)/(-54).
10
Suppose -v = 2*v - 4*g + 118, v = -4*g - 18. Let w = v - -64. Suppose 5*i - w = -2*p, -5 + 53 = 2*p - 4*i. What is the remainder when 58 is divided by p?
18
Suppose 4*d = -2*o + 88, 17*o - d = 13*o + 167. What is the remainder when 208 is divided by o?
40
Let r(f) = f**2 - 2*f + 3. What is the remainder when 74 is divided by r(-2)?
8
Suppose 0 = -208*p + 213*p - 875. What is the remainder when p is divided by 22?
21
Suppose -6*i = -2*i - 492. Let s = i - 117. What is the remainder when 16 is divided by s?
4
Let a = -34 - -81. Let c = -116 - -123. Calculate the remainder when a is divided by c.
5
Let d(b) = -6*b - 4. Let u be (-2*(3 - -8))/(-2). Calculate the remainder